{"id":1114,"date":"2018-06-01T15:13:42","date_gmt":"2018-06-01T15:13:42","guid":{"rendered":"http:\/\/www.wellcode.de\/home\/?page_id=1114"},"modified":"2021-05-02T13:13:56","modified_gmt":"2021-05-02T13:13:56","slug":"it-de","status":"publish","type":"page","link":"https:\/\/wellcode.de\/home\/index.php\/de\/it-de\/","title":{"rendered":"IT Services (de)"},"content":{"rendered":"<p>Wellcode Software ist ein IT-Haus, das verschiedenen IT-Projekte entwickelt.<\/p>\n<p>Es stellt ein powervolles Framework (WellFRAME) f\u00fcr Software Entwickler zur Verf\u00fcgung.\u00a0Es verbindet Business Logik, objektorientiertes Programmieren und Web-Pr\u00e4senz in einer Umgebung.<\/p>\n<p>Entwickeln &amp; Vertreiben Sie Ihrer Applikation mit dem Framework wird Ihre Zeit sparen und Ihnen die M\u00f6glichkeit geben, professionelle Enterprise-L\u00f6sungen in k\u00fcrzester Zeit zu erstellen.<\/p>\n<p>Sie wollen Ihre eigene Applikation entwickeln und suchen daf\u00fcr die richtigen Werkzeuge, dann sind Sie mit unseren Framewok-Modulen bestens ausgestattet. Wir beraten Sie transparent und kompetent und helfen Ihnen, Ihr Projekt optimal umzusetzen.<\/p>\n<p>Sie haben bereits eine \u00e4ltere Anwendung, die in neuer Gestallt erscheinen soll, dann sind wir f\u00fcr Sie die richtigen Ansprechpartner. Wir helfen Ihnen modernere &amp; zeitgem\u00e4\u00dfe Anwendungen auf MVC-Basis zu erstellen.<\/p>\n<p>Unsere L\u00f6sungen sind konkurrenzlos in der Zukunftssicherheit, Portabilit\u00e4t, Einfachheit und Benutzerfreundlichkeit. Sie basieren auf den neuesten Technologien als Server-, Client- und Web-L\u00f6sungen (Backend &amp; Frontend).<\/p>\n<p>Lernen Sie mehr \u00fcber die einzelnen Projekte <a href=\"\/home\/index.php\/de\/welldbms-das-wellcode-dbms-tool\/\">WellDBMS<\/a> und <a href=\"\/home\/index.php\/de\/wellframe-wellcode-framework-de\/\">WellFRAME<\/a>\u00a0und besuchen Sie die untergeordneten Men\u00fcs.<\/p>\n","protected":false},"excerpt":{"rendered":"<p>Wellcode Software ist ein IT-Haus, das verschiedenen IT-Projekte entwickelt. Es stellt ein powervolles Framework (WellFRAME) f\u00fcr Software Entwickler zur Verf\u00fcgung.\u00a0Es verbindet Business Logik, objektorientiertes Programmieren und Web-Pr\u00e4senz in einer Umgebung. Entwickeln &amp; Vertreiben Sie Ihrer Applikation mit dem Framework wird Ihre Zeit sparen und Ihnen die M\u00f6glichkeit geben, professionelle Enterprise-L\u00f6sungen in k\u00fcrzester Zeit zu erstellen. &hellip; <a href=\"https:\/\/wellcode.de\/home\/index.php\/de\/it-de\/\" class=\"more-link\">Continue reading <span class=\"screen-reader-text\">IT Services (de)<\/span><\/a><\/p>\n","protected":false},"author":1,"featured_media":41,"parent":0,"menu_order":0,"comment_status":"closed","ping_status":"closed","template":"","meta":{"_monsterinsights_skip_tracking":false,"_monsterinsights_sitenote_active":false,"_monsterinsights_sitenote_note":"","_monsterinsights_sitenote_category":0,"footnotes":""},"class_list":["post-1114","page","type-page","status-publish","has-post-thumbnail","hentry"],"_links":{"self":[{"href":"https:\/\/wellcode.de\/home\/index.php\/wp-json\/wp\/v2\/pages\/1114","targetHints":{"allow":["GET"]}}],"collection":[{"href":"https:\/\/wellcode.de\/home\/index.php\/wp-json\/wp\/v2\/pages"}],"about":[{"href":"https:\/\/wellcode.de\/home\/index.php\/wp-json\/wp\/v2\/types\/page"}],"author":[{"embeddable":true,"href":"https:\/\/wellcode.de\/home\/index.php\/wp-json\/wp\/v2\/users\/1"}],"replies":[{"embeddable":true,"href":"https:\/\/wellcode.de\/home\/index.php\/wp-json\/wp\/v2\/comments?post=1114"}],"version-history":[{"count":11,"href":"https:\/\/wellcode.de\/home\/index.php\/wp-json\/wp\/v2\/pages\/1114\/revisions"}],"predecessor-version":[{"id":1563,"href":"https:\/\/wellcode.de\/home\/index.php\/wp-json\/wp\/v2\/pages\/1114\/revisions\/1563"}],"wp:featuredmedia":[{"embeddable":true,"href":"https:\/\/wellcode.de\/home\/index.php\/wp-json\/wp\/v2\/media\/41"}],"wp:attachment":[{"href":"https:\/\/wellcode.de\/home\/index.php\/wp-json\/wp\/v2\/media?parent=1114"}],"curies":[{"name":"wp","href":"https:\/\/api.w.org\/{rel}","templated":true}]}}